{"id":96,"date":"2020-06-16T13:52:29","date_gmt":"2020-06-16T13:52:29","guid":{"rendered":"http:\/\/koe.la\/koenewsletter\/?page_id=96"},"modified":"2020-09-15T12:55:51","modified_gmt":"2020-09-15T12:55:51","slug":"blog-2","status":"publish","type":"page","link":"https:\/\/koe.la\/koenewsletter\/blog-2\/","title":{"rendered":"Blog"},"content":{"rendered":"\n<h2 class=\"has-text-align-center\"><strong><span class=\"has-inline-color has-primary-color\"><em>Disfruta de nuestro Blog<\/em><\/span><\/strong><\/h2>\n\n\n\n<div style=\"height:22px\" aria-hidden=\"true\" class=\"wp-block-spacer\"><\/div>\n\n\n<div class=\"wp-block-coblocks-posts is-style-horizontal alignwide\"><div class=\"wp-block-coblocks-posts__inner has-columns has-2-columns has-responsive-columns has-medium-image has-square-image has-large-gutter\" style=\"--coblocks-custom-gutter:em\"><div class=\"wp-block-coblocks-posts__item\"><div class=\"wp-block-coblocks-posts__image\"><a href=\"https:\/\/koe.la\/koenewsletter\/la-importancia-del-ingles-en-el-mundo-profesional\/\" class=\"bg-cover bg-center-center\" style=\"background-image:url(https:\/\/koe.la\/koenewsletter\/wp-content\/uploads\/2021\/04\/0002_Abstract_WOW_Comic_Style_Zoom_Pattern-scaled.jpg)\"><\/a><\/div><div class=\"wp-block-coblocks-posts__content\"><a href=\"https:\/\/koe.la\/koenewsletter\/la-importancia-del-ingles-en-el-mundo-profesional\/\" alt=\"La Importancia del Ingl\u00e9s en el Mundo Profesional\">La Importancia del Ingl\u00e9s en el Mundo Profesional<\/a><time datetime=\"\" class=\"wp-block-coblocks-posts__date\">abril 26, 2021<\/time><div class=\"wp-block-coblocks-posts__excerpt\">Al vivir en un pa\u00eds hispano-parlante, habr\u00e1s escuchado que el ingl\u00e9s es importante en el \u00e1mbito de &hellip; <\/div><\/div><\/div><div class=\"wp-block-coblocks-posts__item\"><div class=\"wp-block-coblocks-posts__image\"><a href=\"https:\/\/koe.la\/koenewsletter\/los-comics-y-el-aprendizaje-del-ingles\/\" class=\"bg-cover bg-center-center\" style=\"background-image:url(https:\/\/koe.la\/koenewsletter\/wp-content\/uploads\/2021\/04\/4887955-scaled.jpg)\"><\/a><\/div><div class=\"wp-block-coblocks-posts__content\"><a href=\"https:\/\/koe.la\/koenewsletter\/los-comics-y-el-aprendizaje-del-ingles\/\" alt=\"Los C\u00f3mics y el Aprendizaje del Ingl\u00e9s\">Los C\u00f3mics y el Aprendizaje del Ingl\u00e9s<\/a><time datetime=\"\" class=\"wp-block-coblocks-posts__date\">abril 26, 2021<\/time><div class=\"wp-block-coblocks-posts__excerpt\">No es una regla general, pero uno de los primeros pasos que damos en el mundo de &hellip; <\/div><\/div><\/div><div class=\"wp-block-coblocks-posts__item\"><div class=\"wp-block-coblocks-posts__image\"><a href=\"https:\/\/koe.la\/koenewsletter\/no-pares-tu-vida-para-aprender-a-hablar-ingles-mejor-hazlo-parte-de-ella\/\" class=\"bg-cover bg-center-center\" style=\"background-image:url(https:\/\/koe.la\/koenewsletter\/wp-content\/uploads\/2021\/03\/aprenderingles.png)\"><\/a><\/div><div class=\"wp-block-coblocks-posts__content\"><a href=\"https:\/\/koe.la\/koenewsletter\/no-pares-tu-vida-para-aprender-a-hablar-ingles-mejor-hazlo-parte-de-ella\/\" alt=\"NO PARES TU VIDA PARA APRENDER A HABLAR INGL\u00c9S, MEJOR HAZLO PARTE DE ELLA\">NO PARES TU VIDA PARA APRENDER A HABLAR INGL\u00c9S, MEJOR HAZLO PARTE DE ELLA<\/a><time datetime=\"\" class=\"wp-block-coblocks-posts__date\">marzo 29, 2021<\/time><div class=\"wp-block-coblocks-posts__excerpt\">Seguramente has escuchado a alguien decir, o tal vez t\u00fa mismo lo has pensado, que no es &hellip; <\/div><\/div><\/div><div class=\"wp-block-coblocks-posts__item\"><div class=\"wp-block-coblocks-posts__image\"><a href=\"https:\/\/koe.la\/koenewsletter\/everything-you-always-wanted-to-know-about-english-and-the-gaming-community-but-were-afraid-to-ask\/\" class=\"bg-cover bg-center-center\" style=\"background-image:url(https:\/\/koe.la\/koenewsletter\/wp-content\/uploads\/2021\/03\/every.png)\"><\/a><\/div><div class=\"wp-block-coblocks-posts__content\"><a href=\"https:\/\/koe.la\/koenewsletter\/everything-you-always-wanted-to-know-about-english-and-the-gaming-community-but-were-afraid-to-ask\/\" alt=\"Everything You Always Wanted to Know about English and the Gaming Community\u2026 But Were Afraid to Ask\">Everything You Always Wanted to Know about English and the Gaming Community\u2026 But Were Afraid to Ask<\/a><time datetime=\"\" class=\"wp-block-coblocks-posts__date\">marzo 29, 2021<\/time><div class=\"wp-block-coblocks-posts__excerpt\">How big is the English gaming community? The&nbsp;global media and entertainment market&nbsp;has consistently been on the rise. &hellip; <\/div><\/div><\/div><div class=\"wp-block-coblocks-posts__item\"><div class=\"wp-block-coblocks-posts__image\"><a href=\"https:\/\/koe.la\/koenewsletter\/la-cultura-gamer\/\" class=\"bg-cover bg-center-center\" style=\"background-image:url(https:\/\/koe.la\/koenewsletter\/wp-content\/uploads\/2021\/03\/game-over.png)\"><\/a><\/div><div class=\"wp-block-coblocks-posts__content\"><a href=\"https:\/\/koe.la\/koenewsletter\/la-cultura-gamer\/\" alt=\"La Cultura Gamer\">La Cultura Gamer<\/a><time datetime=\"\" class=\"wp-block-coblocks-posts__date\">marzo 29, 2021<\/time><div class=\"wp-block-coblocks-posts__excerpt\">Sin importar de qu\u00e9 generaci\u00f3n seas, o la cultura con la que te identificas, es muy probable &hellip; <\/div><\/div><\/div><div class=\"wp-block-coblocks-posts__item\"><div class=\"wp-block-coblocks-posts__image\"><a href=\"https:\/\/koe.la\/koenewsletter\/the-readers-corner-intermediate-modules\/\" class=\"bg-cover bg-center-center\" style=\"background-image:url(https:\/\/koe.la\/koenewsletter\/wp-content\/uploads\/2021\/01\/top-view-2020-resolutions-plan-with-cup-of-coffee-scaled.jpg)\"><\/a><\/div><div class=\"wp-block-coblocks-posts__content\"><a href=\"https:\/\/koe.la\/koenewsletter\/the-readers-corner-intermediate-modules\/\" alt=\"THE READERS\u00b4 CORNER \u2013 INTERMEDIATE MODULES\">THE READERS\u00b4 CORNER \u2013 INTERMEDIATE MODULES<\/a><time datetime=\"\" class=\"wp-block-coblocks-posts__date\">enero 20, 2021<\/time><div class=\"wp-block-coblocks-posts__excerpt\">What Emily Resolved for the New Year The start of a New Year is the perfect time &hellip; <\/div><\/div><\/div><div class=\"wp-block-coblocks-posts__item\"><div class=\"wp-block-coblocks-posts__image\"><a href=\"https:\/\/koe.la\/koenewsletter\/the-readers-corner-advanced-modules\/\" class=\"bg-cover bg-center-center\" style=\"background-image:url(https:\/\/koe.la\/koenewsletter\/wp-content\/uploads\/2021\/01\/team-together-creating-the-word-goals-1-scaled.jpg)\"><\/a><\/div><div class=\"wp-block-coblocks-posts__content\"><a href=\"https:\/\/koe.la\/koenewsletter\/the-readers-corner-advanced-modules\/\" alt=\"The Readers\u2019 Corner \u2013 Advanced Modules\">The Readers\u2019 Corner \u2013 Advanced Modules<\/a><time datetime=\"\" class=\"wp-block-coblocks-posts__date\">enero 20, 2021<\/time><div class=\"wp-block-coblocks-posts__excerpt\">In this Readers\u2019 Corner, we\u00b4ll find out a little bit more about some research done based on &hellip; <\/div><\/div><\/div><div class=\"wp-block-coblocks-posts__item\"><div class=\"wp-block-coblocks-posts__image\"><a href=\"https:\/\/koe.la\/koenewsletter\/subete-al-auto-de-los-que-hablan-ingles\/\" class=\"bg-cover bg-center-center\" style=\"background-image:url(https:\/\/koe.la\/koenewsletter\/wp-content\/uploads\/2021\/01\/group-of-people-working-out-business-plan-in-an-office-scaled.jpg)\"><\/a><\/div><div class=\"wp-block-coblocks-posts__content\"><a href=\"https:\/\/koe.la\/koenewsletter\/subete-al-auto-de-los-que-hablan-ingles\/\" alt=\"\u00a1S\u00fabete al auto de los que hablan ingl\u00e9s!\">\u00a1S\u00fabete al auto de los que hablan ingl\u00e9s!<\/a><time datetime=\"\" class=\"wp-block-coblocks-posts__date\">enero 20, 2021<\/time><div class=\"wp-block-coblocks-posts__excerpt\">\u00bfTe has preguntado por qu\u00e9 despu\u00e9s de tantas y tantas horas de tomar clases de ingl\u00e9s la &hellip; <\/div><\/div><\/div><div class=\"wp-block-coblocks-posts__item\"><div class=\"wp-block-coblocks-posts__image\"><a href=\"https:\/\/koe.la\/koenewsletter\/everything-you-always-wanted-to-know-about-new-years-resolutions-but-were-afraid-to-ask\/\" class=\"bg-cover bg-center-center\" style=\"background-image:url(https:\/\/koe.la\/koenewsletter\/wp-content\/uploads\/2021\/01\/people-christman-decorations-man-black-suit-group-celebrations-new-year-people-with-bengal-lights-scaled.jpg)\"><\/a><\/div><div class=\"wp-block-coblocks-posts__content\"><a href=\"https:\/\/koe.la\/koenewsletter\/everything-you-always-wanted-to-know-about-new-years-resolutions-but-were-afraid-to-ask\/\" alt=\"Everything You Always Wanted to Know about New Year\u2019s Resolutions\u2026 But Were Afraid to Ask\">Everything You Always Wanted to Know about New Year\u2019s Resolutions\u2026 But Were Afraid to Ask<\/a><time datetime=\"\" class=\"wp-block-coblocks-posts__date\">enero 20, 2021<\/time><div class=\"wp-block-coblocks-posts__excerpt\">Why do people make New Year&#039;s resolutions? New Year\u2019s Day is the most popular time of the &hellip; <\/div><\/div><\/div><div class=\"wp-block-coblocks-posts__item\"><div class=\"wp-block-coblocks-posts__image\"><a href=\"https:\/\/koe.la\/koenewsletter\/ano-nuevo-metas-nuevas\/\" class=\"bg-cover bg-center-center\" style=\"background-image:url(https:\/\/koe.la\/koenewsletter\/wp-content\/uploads\/2021\/01\/goals-target-aspiration-perforated-paper-graph-scaled.jpg)\"><\/a><\/div><div class=\"wp-block-coblocks-posts__content\"><a href=\"https:\/\/koe.la\/koenewsletter\/ano-nuevo-metas-nuevas\/\" alt=\"A\u00f1o Nuevo, Metas Nuevas\">A\u00f1o Nuevo, Metas Nuevas<\/a><time datetime=\"\" class=\"wp-block-coblocks-posts__date\">enero 20, 2021<\/time><div class=\"wp-block-coblocks-posts__excerpt\">Para muchos, despedir el a\u00f1o viejo o celebrar la llegada de un nuevo a\u00f1o se ha vuelto &hellip; <\/div><\/div><\/div><div class=\"wp-block-coblocks-posts__item\"><div class=\"wp-block-coblocks-posts__content flex-start\"><a href=\"https:\/\/koe.la\/koenewsletter\/esl-vs-efl\/\" alt=\"ESL vs EFL\">ESL vs EFL<\/a><time datetime=\"\" class=\"wp-block-coblocks-posts__date\">octubre 16, 2020<\/time><div class=\"wp-block-coblocks-posts__excerpt\">La Ense\u00f1anza del Ingl\u00e9s como Segunda Lengua vs. la Ense\u00f1anza del Ingl\u00e9s como Lengua Extranjera Seguramente, al &hellip; <\/div><\/div><\/div><div class=\"wp-block-coblocks-posts__item\"><div class=\"wp-block-coblocks-posts__image\"><a href=\"https:\/\/koe.la\/koenewsletter\/la-importancia-y-beneficios-del-turismo\/\" class=\"bg-cover bg-center-center\" style=\"background-image:url(https:\/\/koe.la\/koenewsletter\/wp-content\/uploads\/2020\/10\/Untitled-design-42.png)\"><\/a><\/div><div class=\"wp-block-coblocks-posts__content\"><a href=\"https:\/\/koe.la\/koenewsletter\/la-importancia-y-beneficios-del-turismo\/\" alt=\"La importancia y beneficios del turismo\">La importancia y beneficios del turismo<\/a><time datetime=\"\" class=\"wp-block-coblocks-posts__date\">octubre 15, 2020<\/time><div class=\"wp-block-coblocks-posts__excerpt\">De seguro ya lo sab\u00edas, lo hab\u00edas escuchado o le\u00eddo en alg\u00fan art\u00edculo sobre los beneficios de &hellip; <\/div><\/div><\/div><div class=\"wp-block-coblocks-posts__item\"><div class=\"wp-block-coblocks-posts__image\"><a href=\"https:\/\/koe.la\/koenewsletter\/the-readers-corner-basic\/\" class=\"bg-cover bg-center-center\" style=\"background-image:url(https:\/\/koe.la\/koenewsletter\/wp-content\/uploads\/2020\/09\/The-Beatles-Yellow-Submarine-cover.jpg)\"><\/a><\/div><div class=\"wp-block-coblocks-posts__content\"><a href=\"https:\/\/koe.la\/koenewsletter\/the-readers-corner-basic\/\" alt=\"The readers&#8217; corner (basic)\">The readers&#8217; corner (basic)<\/a><time datetime=\"\" class=\"wp-block-coblocks-posts__date\">septiembre 14, 2020<\/time><div class=\"wp-block-coblocks-posts__excerpt\">In this part of The Readers\u2019 Corner we chose this song for our Basic users to enjoy &hellip; <\/div><\/div><\/div><div class=\"wp-block-coblocks-posts__item\"><div class=\"wp-block-coblocks-posts__image\"><a href=\"https:\/\/koe.la\/koenewsletter\/koe-workshops\/\" class=\"bg-cover bg-center-center\" style=\"background-image:url(https:\/\/koe.la\/koenewsletter\/wp-content\/uploads\/2020\/06\/WhatsApp-Image-2020-04-06-at-14.45.36-e1592427405785.jpeg)\"><\/a><\/div><div class=\"wp-block-coblocks-posts__content\"><a href=\"https:\/\/koe.la\/koenewsletter\/koe-workshops\/\" alt=\"KOE WORKSHOPS\">KOE WORKSHOPS<\/a><time datetime=\"\" class=\"wp-block-coblocks-posts__date\">septiembre 14, 2020<\/time><div class=\"wp-block-coblocks-posts__excerpt\">Te has dado cuenta que, a pesar de que ya has tomado clases de ingl\u00e9s, sigues sin &hellip; <\/div><\/div><\/div><div class=\"wp-block-coblocks-posts__item\"><div class=\"wp-block-coblocks-posts__image\"><a href=\"https:\/\/koe.la\/koenewsletter\/everything-you-always-wanted-to-know-about-music-as-a-means-to-learn-english-but-were-afraid-to-ask\/\" class=\"bg-cover bg-center-center\" style=\"background-image:url(https:\/\/koe.la\/koenewsletter\/wp-content\/uploads\/2020\/09\/14743-scaled.jpg)\"><\/a><\/div><div class=\"wp-block-coblocks-posts__content\"><a href=\"https:\/\/koe.la\/koenewsletter\/everything-you-always-wanted-to-know-about-music-as-a-means-to-learn-english-but-were-afraid-to-ask\/\" alt=\"Everything You Always Wanted to Know about Music as a Means to Learn English&#8230; But Were Afraid to Ask.\">Everything You Always Wanted to Know about Music as a Means to Learn English&#8230; But Were Afraid to Ask.<\/a><time datetime=\"\" class=\"wp-block-coblocks-posts__date\">septiembre 14, 2020<\/time><div class=\"wp-block-coblocks-posts__excerpt\">Why learn English through music? To make faster progress with your English, you should connect it with &hellip; <\/div><\/div><\/div><\/div><\/div>","protected":false},"excerpt":{"rendered":"<p>Disfruta de nuestro Blog<\/p>\n","protected":false},"author":2,"featured_media":220,"parent":0,"menu_order":0,"comment_status":"closed","ping_status":"closed","template":"","meta":{"hide_page_title":"","_coblocks_attr":"","_coblocks_dimensions":"","_coblocks_responsive_height":"","_coblocks_accordion_ie_support":""},"_links":{"self":[{"href":"https:\/\/koe.la\/koenewsletter\/wp-json\/wp\/v2\/pages\/96"}],"collection":[{"href":"https:\/\/koe.la\/koenewsletter\/wp-json\/wp\/v2\/pages"}],"about":[{"href":"https:\/\/koe.la\/koenewsletter\/wp-json\/wp\/v2\/types\/page"}],"author":[{"embeddable":true,"href":"https:\/\/koe.la\/koenewsletter\/wp-json\/wp\/v2\/users\/2"}],"replies":[{"embeddable":true,"href":"https:\/\/koe.la\/koenewsletter\/wp-json\/wp\/v2\/comments?post=96"}],"version-history":[{"count":8,"href":"https:\/\/koe.la\/koenewsletter\/wp-json\/wp\/v2\/pages\/96\/revisions"}],"predecessor-version":[{"id":594,"href":"https:\/\/koe.la\/koenewsletter\/wp-json\/wp\/v2\/pages\/96\/revisions\/594"}],"wp:featuredmedia":[{"embeddable":true,"href":"https:\/\/koe.la\/koenewsletter\/wp-json\/wp\/v2\/media\/220"}],"wp:attachment":[{"href":"https:\/\/koe.la\/koenewsletter\/wp-json\/wp\/v2\/media?parent=96"}],"curies":[{"name":"wp","href":"https:\/\/api.w.org\/{rel}","templated":true}]}}